ve of u**3 - 3*u**2/2 + 3*u - 13. Suppose -y - 2*y = -9. Let m be k(y). What is the greatest common factor of m and 168?
21
Let i = -26 - 19. Let k = -37 - i. What is the greatest common factor of k and 32?
8
Suppose -4*f - 6 = -o, -5*o + f + 15 = -34. Let b be (189/(-35))/((-3)/o). Calculate the greatest common factor of 2 and b.
2
Suppose -4*s + 1 = k, -2*k - 5 - 3 = -2*s. Calculate the highest common factor of 25 and s.
1
Let z be ((-3)/15*2)/(21/(-735)). Calculate the greatest common divisor of z and 448.
14
Let u be (-1 - (-16)/12)*-15. Let k be (-53)/u - 4/(-10). Calculate the highest common divisor of k and 11.
11
Let s(o) = -6*o - 8. Let g be -3 + 6 - (-20)/(-2). Let l be s(g). Suppose 0 = -4*c + 2*c + l. Calculate the highest common divisor of c and 51.
17
Let l be (-2 + 16/(-12))*57. Let i be (-8)/(-10) - l/(-50). Let q be (-140)/(-15) + i/9. What is the greatest common factor of q and 9?
9
Let s(y) = 4*y**2 - 4. Let h be s(2). Suppose -4*r + 104 = -h. What is the highest common factor of r and 87?
29
Let p = 670 + -154. Calculate the greatest common divisor of p and 12.
12
Let n(p) = p**3 - 28*p**2 + 118*p - 65. Let w be n(23). What is the greatest common divisor of w and 508?
4
Suppose -139*k = -153*k + 392. Calculate the highest common divisor of 882 and k.
14
Let x be (24/(-18))/(1/(-6)). Let o be ((-7)/(-35))/((-4)/90)*-16. Calculate the greatest common factor of x and o.
8
Let j(w) = -w**3 + 16*w**2 - 17*w + 4. Let u be j(14). Let q = u + -95. What is the highest common factor of q and 9?
9
Suppose 3*v - 40 = -n, -3*n - v = -6*v - 120. What is the highest common factor of 760 and n?
40
Let s be (1/(-4))/(9/(-144)). Suppose -3*i = 5*d - 77, 4*i - 101 = -s*d - d. Let w be (3*11)/(i/64). What is the highest common divisor of 8 and w?
8
Suppose 131*k - 5495 = 6033. What is the greatest common divisor of 2024 and k?
88
Suppose -54*l - 800 = -52*l. Let q be 1/((-15)/l)*9/2. Calculate the greatest common divisor of q and 24.
24
Let p be (0 + 2/4)/(19/494). Calculate the greatest common divisor of p and 1.
1
Suppose -2*y + 10 = -0*y, 0 = 2*a + y + 23. Let u be (a/49)/((-2)/98). Calculate the highest common factor of 154 and u.
14
Let m be -1*(-6 + 2)*(1 - 33). Let v = 228 + m. Let a = -25 + 65. Calculate the greatest common factor of v and a.
20
Let y be 58/10 - 8/(-40). Suppose -y*p + 6 = -3*p. Let h(z) = -z**2 + 7*z + 4. Let s be h(4). What is the greatest common factor of p and s?
2
Let b(u) = -2*u**3 + 40*u**2 + u - 1. Let q be b(20). What is the highest common factor of q and 133?
19
Let i be 0*2/(-4)*-1. Suppose i = v - 1 + 3. Let g be (-448)/(-72) - v/(-9). Calculate the greatest common divisor of 48 and g.
6
Suppose 6*g - 119 - 49 = 0. Suppose 3*q = -2*f + g, 3*f = f + 5*q + 44. What is the highest common factor of f and 119?
17
Let u = -83 - -108. What is the greatest common divisor of 125 and u?
25
Suppose -3*g - 44 = -2*n - 172, 0 = -3*g - 5*n + 121. Suppose 2*d - 240 = -2*d - 3*m, 2*m = 5*d - 323. What is the highest common factor of g and d?
21
Suppose 7*j = 2*j + 20, 0 = 4*c - 3*j + 8. Let v(q) = 27*q + 1. Let x be v(1). Let d be c/(-3) - x/(-12). What is the highest common divisor of 5 and d?
1
Let t(s) = 5*s + 13. Let z be t(7). Let q be 1*(1 + 7)*(-3)/(-2). What is the highest common divisor of z and q?
12
Suppose -2*l + 132 = -3*j - 3*l, -j = -5*l + 60. Let z be (-5)/(j/12)*174. Calculate the highest common divisor of z and 29.
29
Let g be (-7)/(-5) + 12/20 - -34. Calculate the greatest common factor of g and 90.
18
Let b(z) = 11*z + 8. Let w(l) = 6*l - 35. Let f be w(6). Let t be b(f). Calculate the highest common factor of 57 and t.
19
Let k = -69 - -117. Let r(t) = 4*t**2 + 2*t - 2. Let z be r(3). Let w be 16/56 + z/7. Calculate the greatest common divisor of k and w.
6
Suppose 0 = -3*n - 0*n + 5*p - 49, -5*n + 4*p - 73 = 0. Let r = n + 121. Calculate the greatest common divisor of 12 and r.
12
Let f be 3610/45 - (-4)/(-18). Let r be 18/(-2) + (-30 - -34) - -10. Calculate the greatest common divisor of r and f.
5
Suppose -3*o + 229 = -527. Suppose x = 5*x + 4, -4*s - 2*x + 110 = 0. Calculate the greatest common factor of s and o.
28
Let p be 46/(-8) + 1/(-4). Let h(n) = -19*n + 3. Let l be h(p). Let w be 2*117/(-72)*-4. Calculate the highest common divisor of l and w.
13
Let a = 172 + -152. Suppose -a + 76 = k. Calculate the highest common factor of 24 and k.
8
Suppose -2*t + 3*u + 29 = 0, -t - t = 4*u - 8. Let q be (10/(-15))/(4/(-270)). Let w = -35 + q. Calculate the highest common divisor of w and t.
10
Let p = -26 - -32. Let r = -2 + 6. Let h(v) = 3*v. Let c be h(r). Calculate the highest common divisor of p and c.
6
Let u(t) = -t**3 + 14*t**2 - t + 14. Let k be u(14). Suppose -n = 2*p - k + 1, -n + 23 = -4*p. Calculate the greatest common factor of n and 7.
7
Let u = 16 + -10. Suppose 0*a + u = 3*a - 3*p, 4*a + 3*p - 15 = 0. Suppose 0 = a*i - 110 + 5. Calculate the highest common factor of i and 5.
5
Let n(b) = 2*b**2 - 63*b - 1071. Let d be n(-13). Let s(z) = z**3 - z**2 + 43. Let c be s(0). Calculate the highest common factor of d and c.
43
Suppose -3*j = 5*m + 12, j - 14 = 2*j + 5*m. Suppose -18 = 5*p - 7*p. What is the greatest common factor of j and p?
1
Let c(z) = -4*z**3 - 4*z**2 - 5*z + 3. Let k be c(-2). Calculate the greatest common factor of 58 and k.
29
Let u = -2 - -103. Let g = u + -5. Let q(p) = p**2 + 26*p - 219. Let h be q(-33). What is the greatest common divisor of h and g?
12
Suppose -23 = 2*v - 7. Let z(n) = -n + 18. Let f be z(v). What is the greatest common divisor of 234 and f?
26
Let q(f) = f**3 - 6*f**2 + 6*f - 8. Let s be q(5). Let v be (-107)/s + 5/15. Calculate the greatest common factor of 27 and v.
9
Let j(g) = g**2 - 23*g + 9. Let f be j(22). Let a = 27 - f. What is the greatest common divisor of 80 and a?
40
Let t be -113 - ((-4)/(-2))/((-5)/10). Let a = t + 170. What is the highest common factor of 183 and a?
61
Let p be 9 - 6/(-9)*6. Suppose 0 = -2*u + 3*b - 7*b + 348, 5*b = u - 202. Suppose u = -2*y + 4*y. Calculate the greatest common factor of y and p.
13
Let m(s) = -11*s + 1. Let u be m(-4). Let a = 65 - 35. Suppose -2*o - a = -4*o. What is the greatest common divisor of o and u?
15
Suppose 237 = r + 189. Calculate the highest common factor of 12 and r.
12
Let f = 227 + -40. Suppose m + 6 = 2*m - q, -2*m - 3*q + 37 = 0. What is the highest common divisor of f and m?
11
Suppose 0*k + 12 = 3*k. Let d(l) = -2*l - 23. Let h be d(-9). Let g(c) = 13*c + 66. Let w be g(h). What is the greatest common factor of w and k?
1
Suppose -v = 10 - 55. Let g(p) = p - 38. Let j be g(53). Calculate the greatest common factor of v and j.
15
Let l = 24 + -24. Suppose 2*r - 10 = -l*r. What is the highest common factor of r and 5?
5
Let z be -2*6/4*-1. Suppose -2*a + 28 = -5*q, z*q = 2*a - 6 - 14. Suppose -468 = -0*v - a*v. Calculate the greatest common divisor of 13 and v.
13
Suppose 1 = 4*p - 23. Let x be ((-10)/p)/(5/(-105)). Suppose 0 = -3*b + 3*g - 28 + 37, -3*b - 2*g = -29. Calculate the highest common factor of b and x.
7
Suppose -d + 572 = 21*d. Calculate the highest common factor of 117 and d.
13
Let f(c) = c**2 - 12. Let s be (-2)/7 - (-680)/(-119). Let a be f(s). Calculate the greatest common divisor of 6 and a.
6
Let d(u) = -3*u - 105. Let z be 4/(-1) - (2 - 6). Let a be d(z). Let s be (a/(-12))/((-7)/(-28)). What is the highest common divisor of s and 315?
35
Suppose -5*j + 4*h = 37, 0 = -j - 4*j - 4*h - 13. Let l(s) = s**3 + 4*s**2 - 7*s. Let m be l(j). What is the highest common factor of 25 and m?
5
Let u = -14 + -6. Let f = -17 - u. Calculate the highest common factor of f and 15.
3
Suppose 26 = 2*g - 16. Let l = g + 17. Calculate the highest common divisor of l and 19.
19
Let s = 158 + 192. What is the highest common divisor of s and 280?
70
Suppose -4*t = 3*t - 8*t. Suppose 0*a + 3*a - 165 = -3*f, t = -2*f - 5*a + 104. What is the greatest common factor of 38 and f?
19
Let b be (132/9 - 10)*9. Calculate the highest common divisor of b and 12.
6
Let k(d) = -d**2 - 7*d. Let w be k(-6). Let u be w/(-4) - (-249)/6. Suppose -4*g = -2*g - 20. Calculate the greatest common divisor of u and g.
10
Let s be (-8)/(-24) + 46/6. Calculate the greatest common factor of 124 and s.
4
Le